{"id":3732,"date":"2025-11-29T11:52:37","date_gmt":"2025-11-29T11:52:37","guid":{"rendered":"https:\/\/staging.nrg-digital.com\/elevay\/?page_id=3732"},"modified":"2025-12-21T13:15:22","modified_gmt":"2025-12-21T13:15:22","slug":"citezenship","status":"publish","type":"page","link":"https:\/\/staging.nrg-digital.com\/elevay\/citezenship\/","title":{"rendered":"Citizenship"},"content":{"rendered":"\t\t<div data-elementor-type=\"wp-page\" data-elementor-id=\"3732\" class=\"elementor elementor-3732\" data-elementor-post-type=\"page\">\n\t\t\t\t<div class=\"elementor-element elementor-element-acb2d3e e-flex e-con-boxed e-con e-parent\" data-id=\"acb2d3e\" data-element_type=\"container\" data-e-type=\"container\">\n\t\t\t\t\t<div class=\"e-con-inner\">\n\t\t<div class=\"elementor-element elementor-element-d42cbc2 e-con-full e-flex e-con e-child\" data-id=\"d42cbc2\" data-element_type=\"container\" data-e-type=\"container\">\n\t\t\t\t<div class=\"elementor-element elementor-element-973cc1d elementor-pagination-type-bullets elementor-pagination-position-outside elementor-widget elementor-widget-loop-carousel\" data-id=\"973cc1d\" data-element_type=\"widget\" data-e-type=\"widget\" data-settings=\"{&quot;template_id&quot;:2103,&quot;slides_to_show&quot;:&quot;1&quot;,&quot;_skin&quot;:&quot;post&quot;,&quot;slides_to_show_tablet&quot;:&quot;2&quot;,&quot;slides_to_show_mobile&quot;:&quot;1&quot;,&quot;slides_to_scroll&quot;:&quot;1&quot;,&quot;edit_handle_selector&quot;:&quot;.elementor-loop-container&quot;,&quot;autoplay&quot;:&quot;yes&quot;,&quot;autoplay_speed&quot;:5000,&quot;pause_on_hover&quot;:&quot;yes&quot;,&quot;pause_on_interaction&quot;:&quot;yes&quot;,&quot;infinite&quot;:&quot;yes&quot;,&quot;speed&quot;:500,&quot;offset_sides&quot;:&quot;none&quot;,&quot;pagination&quot;:&quot;bullets&quot;,&quot;image_spacing_custom&quot;:{&quot;unit&quot;:&quot;px&quot;,&quot;size&quot;:10,&quot;sizes&quot;:[]},&quot;image_spacing_custom_tablet&quot;:{&quot;unit&quot;:&quot;px&quot;,&quot;size&quot;:&quot;&quot;,&quot;sizes&quot;:[]},&quot;image_spacing_custom_mobile&quot;:{&quot;unit&quot;:&quot;px&quot;,&quot;size&quot;:&quot;&quot;,&quot;sizes&quot;:[]}}\" data-widget_type=\"loop-carousel.post\">\n\t\t\t\t\t\t\t<div class=\"swiper elementor-loop-container elementor-grid\" role=\"list\" dir=\"ltr\">\n\t\t\t\t<div class=\"swiper-wrapper\" aria-live=\"off\">\n\t\t<style id=\"loop-2103\">.elementor-2103 .elementor-element.elementor-element-e02ba1b{--display:flex;--flex-direction:column;--container-widget-width:100%;--container-widget-height:initial;--container-widget-flex-grow:0;--container-widget-align-self:initial;--flex-wrap-mobile:wrap;--justify-content:flex-start;--gap:010px 010px;--row-gap:010px;--column-gap:010px;--border-radius:0px 0px 20px 20px;--padding-top:0px;--padding-bottom:0px;--padding-left:0px;--padding-right:0px;}.elementor-2103 .elementor-element.elementor-element-1d734fc{--display:flex;--margin-top:15px;--margin-bottom:0px;--margin-left:0px;--margin-right:0px;--padding-top:0px;--padding-bottom:0px;--padding-left:0px;--padding-right:0px;}.elementor-widget-image .widget-image-caption{color:var( --e-global-color-text );font-family:var( --e-global-typography-text-font-family ), Sans-serif;font-weight:var( --e-global-typography-text-font-weight );}.elementor-2103 .elementor-element.elementor-element-100f607:not( .elementor-widget-image ), .elementor-2103 .elementor-element.elementor-element-100f607.elementor-widget-image img{-webkit-mask-image:url( https:\/\/staging.nrg-digital.com\/elevay\/wp-content\/uploads\/2025\/09\/mask-po.svg );-webkit-mask-size:contain;-webkit-mask-position:center center;-webkit-mask-repeat:no-repeat;}.elementor-2103 .elementor-element.elementor-element-2555504{--display:flex;--min-height:71px;--justify-content:center;--align-items:center;--container-widget-width:calc( ( 1 - var( --container-widget-flex-grow ) ) * 100% );--border-radius:0px 0px 20px 20px;--margin-top:-50px;--margin-bottom:0px;--margin-left:0px;--margin-right:0px;}.elementor-widget-heading .elementor-heading-title{font-family:var( --e-global-typography-primary-font-family ), Sans-serif;font-weight:var( --e-global-typography-primary-font-weight );color:var( --e-global-color-primary );}.elementor-2103 .elementor-element.elementor-element-b176d5e{text-align:center;width:var( --container-widget-width, 61% );max-width:61%;--container-widget-width:61%;--container-widget-flex-grow:0;}.elementor-2103 .elementor-element.elementor-element-b176d5e .elementor-heading-title{font-family:\"Roboto\", Sans-serif;font-size:20px;font-weight:600;color:var( --e-global-color-65f0489 );}@media(max-width:767px){.elementor-2103 .elementor-element.elementor-element-e02ba1b{--min-height:20vh;--justify-content:flex-start;--gap:0px 0px;--row-gap:0px;--column-gap:0px;}.elementor-2103 .elementor-element.elementor-element-1d734fc{--margin-top:0px;--margin-bottom:0px;--margin-left:0px;--margin-right:0px;}.elementor-2103 .elementor-element.elementor-element-b176d5e{--container-widget-width:327px;--container-widget-flex-grow:0;width:var( --container-widget-width, 327px );max-width:327px;}}\/* Start custom CSS for container, class: .elementor-element-2555504 *\/.elementor-2103 .elementor-element.elementor-element-2555504{\n    border-radius: 0px 0px 20px 20px;\n}\/* End custom CSS *\/<\/style>\t\t<div data-elementor-type=\"loop-item\" data-elementor-id=\"2103\" class=\"elementor elementor-2103 swiper-slide e-loop-item e-loop-item-3835 post-3835 programs type-programs status-publish has-post-thumbnail hentry group-citizenship regions-africa\" data-elementor-post-type=\"elementor_library\" role=\"group\" aria-roledescription=\"slide\" data-custom-edit-handle=\"1\">\n\t\t\t<div class=\"elementor-element elementor-element-e02ba1b e-flex e-con-boxed e-con e-parent\" data-id=\"e02ba1b\" data-element_type=\"container\" data-e-type=\"container\" data-settings=\"{&quot;background_background&quot;:&quot;classic&quot;}\">\n\t\t\t\t\t<div class=\"e-con-inner\">\n\t\t<div class=\"elementor-element elementor-element-1d734fc e-con-full e-flex e-con e-child\" data-id=\"1d734fc\" data-element_type=\"container\" data-e-type=\"container\">\n\t\t\t\t<div class=\"elementor-element elementor-element-100f607 elementor-widget elementor-widget-image\" data-id=\"100f607\" data-element_type=\"widget\" data-e-type=\"widget\" data-widget_type=\"image.default\">\n\t\t\t\t\t\t\t\t\t\t\t\t\t\t\t\t<a href=\"https:\/\/staging.nrg-digital.com\/elevay\/programs\/sao-tome-and-principe\/\">\n\t\t\t\t\t\t\t<img fetchpriority=\"high\" decoding=\"async\" width=\"1920\" height=\"1080\" src=\"https:\/\/staging.nrg-digital.com\/elevay\/wp-content\/uploads\/2025\/12\/taw-2.jpg\" class=\"attachment-full size-full wp-image-4167\" alt=\"\" srcset=\"https:\/\/staging.nrg-digital.com\/elevay\/wp-content\/uploads\/2025\/12\/taw-2.jpg 1920w, https:\/\/staging.nrg-digital.com\/elevay\/wp-content\/uploads\/2025\/12\/taw-2-300x169.jpg 300w, https:\/\/staging.nrg-digital.com\/elevay\/wp-content\/uploads\/2025\/12\/taw-2-1024x576.jpg 1024w, https:\/\/staging.nrg-digital.com\/elevay\/wp-content\/uploads\/2025\/12\/taw-2-768x432.jpg 768w, https:\/\/staging.nrg-digital.com\/elevay\/wp-content\/uploads\/2025\/12\/taw-2-1536x864.jpg 1536w\" sizes=\"(max-width: 1920px) 100vw, 1920px\" \/>\t\t\t\t\t\t\t\t<\/a>\n\t\t\t\t\t\t\t\t\t\t\t\t\t\t\t<\/div>\n\t\t\t\t<\/div>\n\t\t<div class=\"elementor-element elementor-element-2555504 e-con-full e-flex elementor-invisible e-con e-child\" data-id=\"2555504\" data-element_type=\"container\" data-e-type=\"container\" data-settings=\"{&quot;animation&quot;:&quot;fadeInUp&quot;}\">\n\t\t\t\t<div class=\"elementor-element elementor-element-b176d5e elementor-widget__width-initial elementor-widget elementor-widget-heading\" data-id=\"b176d5e\" data-element_type=\"widget\" data-e-type=\"widget\" data-widget_type=\"heading.default\">\n\t\t\t\t\t<h2 class=\"elementor-heading-title elementor-size-default\"><a href=\"https:\/\/staging.nrg-digital.com\/elevay\/programs\/sao-tome-and-principe\/\">S\u00e3o Tom\u00e9 and Pr\u00edncipe<\/a><\/h2>\t\t\t\t<\/div>\n\t\t\t\t<\/div>\n\t\t\t\t\t<\/div>\n\t\t\t\t<\/div>\n\t\t\t\t<\/div>\n\t\t\t\t<div data-elementor-type=\"loop-item\" data-elementor-id=\"2103\" class=\"elementor elementor-2103 swiper-slide e-loop-item e-loop-item-3824 post-3824 programs type-programs status-publish has-post-thumbnail hentry tag-nauru group-citizenship regions-oceania\" data-elementor-post-type=\"elementor_library\" role=\"group\" aria-roledescription=\"slide\" data-custom-edit-handle=\"1\">\n\t\t\t<div class=\"elementor-element elementor-element-e02ba1b e-flex e-con-boxed e-con e-parent\" data-id=\"e02ba1b\" data-element_type=\"container\" data-e-type=\"container\" data-settings=\"{&quot;background_background&quot;:&quot;classic&quot;}\">\n\t\t\t\t\t<div class=\"e-con-inner\">\n\t\t<div class=\"elementor-element elementor-element-1d734fc e-con-full e-flex e-con e-child\" data-id=\"1d734fc\" data-element_type=\"container\" data-e-type=\"container\">\n\t\t\t\t<div class=\"elementor-element elementor-element-100f607 elementor-widget elementor-widget-image\" data-id=\"100f607\" data-element_type=\"widget\" data-e-type=\"widget\" data-widget_type=\"image.default\">\n\t\t\t\t\t\t\t\t\t\t\t\t\t\t\t\t<a href=\"https:\/\/staging.nrg-digital.com\/elevay\/programs\/nauru\/\">\n\t\t\t\t\t\t\t<img decoding=\"async\" width=\"1920\" height=\"1080\" src=\"https:\/\/staging.nrg-digital.com\/elevay\/wp-content\/uploads\/2025\/12\/4-4.jpg\" class=\"attachment-full size-full wp-image-4013\" alt=\"\" srcset=\"https:\/\/staging.nrg-digital.com\/elevay\/wp-content\/uploads\/2025\/12\/4-4.jpg 1920w, https:\/\/staging.nrg-digital.com\/elevay\/wp-content\/uploads\/2025\/12\/4-4-300x169.jpg 300w, https:\/\/staging.nrg-digital.com\/elevay\/wp-content\/uploads\/2025\/12\/4-4-1024x576.jpg 1024w, https:\/\/staging.nrg-digital.com\/elevay\/wp-content\/uploads\/2025\/12\/4-4-768x432.jpg 768w, https:\/\/staging.nrg-digital.com\/elevay\/wp-content\/uploads\/2025\/12\/4-4-1536x864.jpg 1536w\" sizes=\"(max-width: 1920px) 100vw, 1920px\" \/>\t\t\t\t\t\t\t\t<\/a>\n\t\t\t\t\t\t\t\t\t\t\t\t\t\t\t<\/div>\n\t\t\t\t<\/div>\n\t\t<div class=\"elementor-element elementor-element-2555504 e-con-full e-flex elementor-invisible e-con e-child\" data-id=\"2555504\" data-element_type=\"container\" data-e-type=\"container\" data-settings=\"{&quot;animation&quot;:&quot;fadeInUp&quot;}\">\n\t\t\t\t<div class=\"elementor-element elementor-element-b176d5e elementor-widget__width-initial elementor-widget elementor-widget-heading\" data-id=\"b176d5e\" data-element_type=\"widget\" data-e-type=\"widget\" data-widget_type=\"heading.default\">\n\t\t\t\t\t<h2 class=\"elementor-heading-title elementor-size-default\"><a href=\"https:\/\/staging.nrg-digital.com\/elevay\/programs\/nauru\/\">Nauru<\/a><\/h2>\t\t\t\t<\/div>\n\t\t\t\t<\/div>\n\t\t\t\t\t<\/div>\n\t\t\t\t<\/div>\n\t\t\t\t<\/div>\n\t\t\t\t<div data-elementor-type=\"loop-item\" data-elementor-id=\"2103\" class=\"elementor elementor-2103 swiper-slide e-loop-item e-loop-item-3346 post-3346 programs type-programs status-publish has-post-thumbnail hentry tag-vanuatu group-citizenship regions-oceania\" data-elementor-post-type=\"elementor_library\" role=\"group\" aria-roledescription=\"slide\" data-custom-edit-handle=\"1\">\n\t\t\t<div class=\"elementor-element elementor-element-e02ba1b e-flex e-con-boxed e-con e-parent\" data-id=\"e02ba1b\" data-element_type=\"container\" data-e-type=\"container\" data-settings=\"{&quot;background_background&quot;:&quot;classic&quot;}\">\n\t\t\t\t\t<div class=\"e-con-inner\">\n\t\t<div class=\"elementor-element elementor-element-1d734fc e-con-full e-flex e-con e-child\" data-id=\"1d734fc\" data-element_type=\"container\" data-e-type=\"container\">\n\t\t\t\t<div class=\"elementor-element elementor-element-100f607 elementor-widget elementor-widget-image\" data-id=\"100f607\" data-element_type=\"widget\" data-e-type=\"widget\" data-widget_type=\"image.default\">\n\t\t\t\t\t\t\t\t\t\t\t\t\t\t\t\t<a href=\"https:\/\/staging.nrg-digital.com\/elevay\/programs\/vanuatu\/\">\n\t\t\t\t\t\t\t<img decoding=\"async\" width=\"1920\" height=\"1080\" src=\"https:\/\/staging.nrg-digital.com\/elevay\/wp-content\/uploads\/2025\/10\/4-5.jpg\" class=\"attachment-full size-full wp-image-4115\" alt=\"\" srcset=\"https:\/\/staging.nrg-digital.com\/elevay\/wp-content\/uploads\/2025\/10\/4-5.jpg 1920w, https:\/\/staging.nrg-digital.com\/elevay\/wp-content\/uploads\/2025\/10\/4-5-300x169.jpg 300w, https:\/\/staging.nrg-digital.com\/elevay\/wp-content\/uploads\/2025\/10\/4-5-1024x576.jpg 1024w, https:\/\/staging.nrg-digital.com\/elevay\/wp-content\/uploads\/2025\/10\/4-5-768x432.jpg 768w, https:\/\/staging.nrg-digital.com\/elevay\/wp-content\/uploads\/2025\/10\/4-5-1536x864.jpg 1536w\" sizes=\"(max-width: 1920px) 100vw, 1920px\" \/>\t\t\t\t\t\t\t\t<\/a>\n\t\t\t\t\t\t\t\t\t\t\t\t\t\t\t<\/div>\n\t\t\t\t<\/div>\n\t\t<div class=\"elementor-element elementor-element-2555504 e-con-full e-flex elementor-invisible e-con e-child\" data-id=\"2555504\" data-element_type=\"container\" data-e-type=\"container\" data-settings=\"{&quot;animation&quot;:&quot;fadeInUp&quot;}\">\n\t\t\t\t<div class=\"elementor-element elementor-element-b176d5e elementor-widget__width-initial elementor-widget elementor-widget-heading\" data-id=\"b176d5e\" data-element_type=\"widget\" data-e-type=\"widget\" data-widget_type=\"heading.default\">\n\t\t\t\t\t<h2 class=\"elementor-heading-title elementor-size-default\"><a href=\"https:\/\/staging.nrg-digital.com\/elevay\/programs\/vanuatu\/\">Vanuatu<\/a><\/h2>\t\t\t\t<\/div>\n\t\t\t\t<\/div>\n\t\t\t\t\t<\/div>\n\t\t\t\t<\/div>\n\t\t\t\t<\/div>\n\t\t\t\t<div data-elementor-type=\"loop-item\" data-elementor-id=\"2103\" class=\"elementor elementor-2103 swiper-slide e-loop-item e-loop-item-3282 post-3282 programs type-programs status-publish has-post-thumbnail hentry tag-turkey group-citizenship regions-europe\" data-elementor-post-type=\"elementor_library\" role=\"group\" aria-roledescription=\"slide\" data-custom-edit-handle=\"1\">\n\t\t\t<div class=\"elementor-element elementor-element-e02ba1b e-flex e-con-boxed e-con e-parent\" data-id=\"e02ba1b\" data-element_type=\"container\" data-e-type=\"container\" data-settings=\"{&quot;background_background&quot;:&quot;classic&quot;}\">\n\t\t\t\t\t<div class=\"e-con-inner\">\n\t\t<div class=\"elementor-element elementor-element-1d734fc e-con-full e-flex e-con e-child\" data-id=\"1d734fc\" data-element_type=\"container\" data-e-type=\"container\">\n\t\t\t\t<div class=\"elementor-element elementor-element-100f607 elementor-widget elementor-widget-image\" data-id=\"100f607\" data-element_type=\"widget\" data-e-type=\"widget\" data-widget_type=\"image.default\">\n\t\t\t\t\t\t\t\t\t\t\t\t\t\t\t\t<a href=\"https:\/\/staging.nrg-digital.com\/elevay\/programs\/turkey\/\">\n\t\t\t\t\t\t\t<img loading=\"lazy\" decoding=\"async\" width=\"1920\" height=\"1080\" src=\"https:\/\/staging.nrg-digital.com\/elevay\/wp-content\/uploads\/2025\/10\/3-2.jpg\" class=\"attachment-full size-full wp-image-4074\" alt=\"\" srcset=\"https:\/\/staging.nrg-digital.com\/elevay\/wp-content\/uploads\/2025\/10\/3-2.jpg 1920w, https:\/\/staging.nrg-digital.com\/elevay\/wp-content\/uploads\/2025\/10\/3-2-300x169.jpg 300w, https:\/\/staging.nrg-digital.com\/elevay\/wp-content\/uploads\/2025\/10\/3-2-1024x576.jpg 1024w, https:\/\/staging.nrg-digital.com\/elevay\/wp-content\/uploads\/2025\/10\/3-2-768x432.jpg 768w, https:\/\/staging.nrg-digital.com\/elevay\/wp-content\/uploads\/2025\/10\/3-2-1536x864.jpg 1536w\" sizes=\"(max-width: 1920px) 100vw, 1920px\" \/>\t\t\t\t\t\t\t\t<\/a>\n\t\t\t\t\t\t\t\t\t\t\t\t\t\t\t<\/div>\n\t\t\t\t<\/div>\n\t\t<div class=\"elementor-element elementor-element-2555504 e-con-full e-flex elementor-invisible e-con e-child\" data-id=\"2555504\" data-element_type=\"container\" data-e-type=\"container\" data-settings=\"{&quot;animation&quot;:&quot;fadeInUp&quot;}\">\n\t\t\t\t<div class=\"elementor-element elementor-element-b176d5e elementor-widget__width-initial elementor-widget elementor-widget-heading\" data-id=\"b176d5e\" data-element_type=\"widget\" data-e-type=\"widget\" data-widget_type=\"heading.default\">\n\t\t\t\t\t<h2 class=\"elementor-heading-title elementor-size-default\"><a href=\"https:\/\/staging.nrg-digital.com\/elevay\/programs\/turkey\/\">Turkey<\/a><\/h2>\t\t\t\t<\/div>\n\t\t\t\t<\/div>\n\t\t\t\t\t<\/div>\n\t\t\t\t<\/div>\n\t\t\t\t<\/div>\n\t\t\t\t<\/div>\n\t\t<\/div>\n\t\t\t\t\t<div class=\"swiper-pagination\"><\/div>\n\t\t\t\t\t\t<\/div>\n\t\t\t\t<\/div>\n\t\t\t\t\t<\/div>\n\t\t\t\t<\/div>\n\t\t<div class=\"elementor-element elementor-element-977535d e-flex e-con-boxed e-con e-parent\" data-id=\"977535d\" data-element_type=\"container\" data-e-type=\"container\">\n\t\t\t\t\t<div class=\"e-con-inner\">\n\t\t\t\t<div class=\"elementor-element elementor-element-25637ab elementor-widget elementor-widget-shortcode\" data-id=\"25637ab\" data-element_type=\"widget\" data-e-type=\"widget\" data-widget_type=\"shortcode.default\">\n\t\t\t\t\t\t\t<div class=\"elementor-shortcode\"><div class=\"nrg-programs-wrapper\"\n            style=\"--cols-desktop:4; --cols-mobile:1;\">\n        <section class=\"nrg-region-block\">\n\n            <header class=\"nrg-region-header\">\n                <h2 class=\"nrg-region-title js-split\">Africa<\/h2>\n                <div class=\"nrg-region-line\"><\/div>\n            <\/header>\n\n            <div class=\"nrg-programs-grid gsap-grid\">\n\n                \n                    <article class=\"nrg-program-card\">\n                        <div class=\"nrg-program-thumb\" style=\"background-image:url('https:\/\/staging.nrg-digital.com\/elevay\/wp-content\/uploads\/2025\/12\/taw-2-1024x576.jpg')\"><\/div>\n                        <div class=\"nrg-program-overlay\">\n                            <h3>S\u00e3o Tom\u00e9 and Pr\u00edncipe<\/h3>\n                        <\/div>\n                        <a href=\"https:\/\/staging.nrg-digital.com\/elevay\/programs\/sao-tome-and-principe\/\" class=\"nrg-program-link\"><\/a>\n                    <\/article>\n\n                \n            <\/div>\n\n        <\/section>\n\n        \n        <section class=\"nrg-region-block\">\n\n            <header class=\"nrg-region-header\">\n                <h2 class=\"nrg-region-title js-split\">Caribbean<\/h2>\n                <div class=\"nrg-region-line\"><\/div>\n            <\/header>\n\n            <div class=\"nrg-programs-grid gsap-grid\">\n\n                \n                    <article class=\"nrg-program-card\">\n                        <div class=\"nrg-program-thumb\" style=\"background-image:url('https:\/\/staging.nrg-digital.com\/elevay\/wp-content\/uploads\/2025\/10\/2-1-1024x576.jpg')\"><\/div>\n                        <div class=\"nrg-program-overlay\">\n                            <h3>St. Lucia<\/h3>\n                        <\/div>\n                        <a href=\"https:\/\/staging.nrg-digital.com\/elevay\/programs\/st-lucia\/\" class=\"nrg-program-link\"><\/a>\n                    <\/article>\n\n                \n                    <article class=\"nrg-program-card\">\n                        <div class=\"nrg-program-thumb\" style=\"background-image:url('https:\/\/staging.nrg-digital.com\/elevay\/wp-content\/uploads\/2025\/10\/6-1024x576.jpg')\"><\/div>\n                        <div class=\"nrg-program-overlay\">\n                            <h3>St. Kitts and Nevis<\/h3>\n                        <\/div>\n                        <a href=\"https:\/\/staging.nrg-digital.com\/elevay\/programs\/st-kitts-and-nevis\/\" class=\"nrg-program-link\"><\/a>\n                    <\/article>\n\n                \n                    <article class=\"nrg-program-card\">\n                        <div class=\"nrg-program-thumb\" style=\"background-image:url('https:\/\/staging.nrg-digital.com\/elevay\/wp-content\/uploads\/2025\/09\/1-2-1024x576.jpg')\"><\/div>\n                        <div class=\"nrg-program-overlay\">\n                            <h3>Grenada<\/h3>\n                        <\/div>\n                        <a href=\"https:\/\/staging.nrg-digital.com\/elevay\/programs\/grenada\/\" class=\"nrg-program-link\"><\/a>\n                    <\/article>\n\n                \n                    <article class=\"nrg-program-card\">\n                        <div class=\"nrg-program-thumb\" style=\"background-image:url('https:\/\/staging.nrg-digital.com\/elevay\/wp-content\/uploads\/2025\/09\/3-1024x576.jpg')\"><\/div>\n                        <div class=\"nrg-program-overlay\">\n                            <h3>Antigua &#038; Barbuda<\/h3>\n                        <\/div>\n                        <a href=\"https:\/\/staging.nrg-digital.com\/elevay\/programs\/antigua-barbuda\/\" class=\"nrg-program-link\"><\/a>\n                    <\/article>\n\n                \n                    <article class=\"nrg-program-card\">\n                        <div class=\"nrg-program-thumb\" style=\"background-image:url('https:\/\/staging.nrg-digital.com\/elevay\/wp-content\/uploads\/2025\/08\/7-1024x576.jpg')\"><\/div>\n                        <div class=\"nrg-program-overlay\">\n                            <h3>Dominica<\/h3>\n                        <\/div>\n                        <a href=\"https:\/\/staging.nrg-digital.com\/elevay\/programs\/dominica\/\" class=\"nrg-program-link\"><\/a>\n                    <\/article>\n\n                \n            <\/div>\n\n        <\/section>\n\n        \n        <section class=\"nrg-region-block\">\n\n            <header class=\"nrg-region-header\">\n                <h2 class=\"nrg-region-title js-split\">Europe<\/h2>\n                <div class=\"nrg-region-line\"><\/div>\n            <\/header>\n\n            <div class=\"nrg-programs-grid gsap-grid\">\n\n                \n                    <article class=\"nrg-program-card\">\n                        <div class=\"nrg-program-thumb\" style=\"background-image:url('https:\/\/staging.nrg-digital.com\/elevay\/wp-content\/uploads\/2025\/10\/3-2-1024x576.jpg')\"><\/div>\n                        <div class=\"nrg-program-overlay\">\n                            <h3>Turkey<\/h3>\n                        <\/div>\n                        <a href=\"https:\/\/staging.nrg-digital.com\/elevay\/programs\/turkey\/\" class=\"nrg-program-link\"><\/a>\n                    <\/article>\n\n                \n            <\/div>\n\n        <\/section>\n\n        \n        <section class=\"nrg-region-block\">\n\n            <header class=\"nrg-region-header\">\n                <h2 class=\"nrg-region-title js-split\">MENA<\/h2>\n                <div class=\"nrg-region-line\"><\/div>\n            <\/header>\n\n            <div class=\"nrg-programs-grid gsap-grid\">\n\n                \n                    <article class=\"nrg-program-card\">\n                        <div class=\"nrg-program-thumb\" style=\"background-image:url('https:\/\/staging.nrg-digital.com\/elevay\/wp-content\/uploads\/2025\/09\/5-1-1024x576.jpg')\"><\/div>\n                        <div class=\"nrg-program-overlay\">\n                            <h3>Egypt<\/h3>\n                        <\/div>\n                        <a href=\"https:\/\/staging.nrg-digital.com\/elevay\/programs\/egypt\/\" class=\"nrg-program-link\"><\/a>\n                    <\/article>\n\n                \n            <\/div>\n\n        <\/section>\n\n        \n        <section class=\"nrg-region-block\">\n\n            <header class=\"nrg-region-header\">\n                <h2 class=\"nrg-region-title js-split\">Oceania<\/h2>\n                <div class=\"nrg-region-line\"><\/div>\n            <\/header>\n\n            <div class=\"nrg-programs-grid gsap-grid\">\n\n                \n                    <article class=\"nrg-program-card\">\n                        <div class=\"nrg-program-thumb\" style=\"background-image:url('https:\/\/staging.nrg-digital.com\/elevay\/wp-content\/uploads\/2025\/12\/4-4-1024x576.jpg')\"><\/div>\n                        <div class=\"nrg-program-overlay\">\n                            <h3>Nauru<\/h3>\n                        <\/div>\n                        <a href=\"https:\/\/staging.nrg-digital.com\/elevay\/programs\/nauru\/\" class=\"nrg-program-link\"><\/a>\n                    <\/article>\n\n                \n                    <article class=\"nrg-program-card\">\n                        <div class=\"nrg-program-thumb\" style=\"background-image:url('https:\/\/staging.nrg-digital.com\/elevay\/wp-content\/uploads\/2025\/10\/4-5-1024x576.jpg')\"><\/div>\n                        <div class=\"nrg-program-overlay\">\n                            <h3>Vanuatu<\/h3>\n                        <\/div>\n                        <a href=\"https:\/\/staging.nrg-digital.com\/elevay\/programs\/vanuatu\/\" class=\"nrg-program-link\"><\/a>\n                    <\/article>\n\n                \n            <\/div>\n\n        <\/section>\n\n        <\/div>\n<\/div>\n\t\t\t\t\t\t<\/div>\n\t\t\t\t\t<\/div>\n\t\t\t\t<\/div>\n\t\t<div class=\"elementor-element elementor-element-c0689ba e-flex e-con-boxed e-con e-parent\" data-id=\"c0689ba\" data-element_type=\"container\" data-e-type=\"container\">\n\t\t\t\t\t<div class=\"e-con-inner\">\n\t\t\t\t\t<\/div>\n\t\t\t\t<\/div>\n\t\t\t\t<\/div>\n\t\t","protected":false},"excerpt":{"rendered":"","protected":false},"author":1,"featured_media":0,"parent":0,"menu_order":0,"comment_status":"closed","ping_status":"closed","template":"elementor_header_footer","meta":{"_acf_changed":false,"footnotes":""},"class_list":["post-3732","page","type-page","status-publish","hentry"],"acf":[],"_links":{"self":[{"href":"https:\/\/staging.nrg-digital.com\/elevay\/wp-json\/wp\/v2\/pages\/3732","targetHints":{"allow":["GET"]}}],"collection":[{"href":"https:\/\/staging.nrg-digital.com\/elevay\/wp-json\/wp\/v2\/pages"}],"about":[{"href":"https:\/\/staging.nrg-digital.com\/elevay\/wp-json\/wp\/v2\/types\/page"}],"author":[{"embeddable":true,"href":"https:\/\/staging.nrg-digital.com\/elevay\/wp-json\/wp\/v2\/users\/1"}],"replies":[{"embeddable":true,"href":"https:\/\/staging.nrg-digital.com\/elevay\/wp-json\/wp\/v2\/comments?post=3732"}],"version-history":[{"count":17,"href":"https:\/\/staging.nrg-digital.com\/elevay\/wp-json\/wp\/v2\/pages\/3732\/revisions"}],"predecessor-version":[{"id":4129,"href":"https:\/\/staging.nrg-digital.com\/elevay\/wp-json\/wp\/v2\/pages\/3732\/revisions\/4129"}],"wp:attachment":[{"href":"https:\/\/staging.nrg-digital.com\/elevay\/wp-json\/wp\/v2\/media?parent=3732"}],"curies":[{"name":"wp","href":"https:\/\/api.w.org\/{rel}","templated":true}]}}